Let j be 0 + (3 - (r + -299)). Calculate the greatest common factor of 20 and j.
20
Suppose -305 = 275*u - 280*u + 5*a, -u - 2*a = -76. What is the greatest common divisor of u and 3102?
66
Let i(r) be the first derivative of 2*r**3 - 23 + 11*r - 1/4*r**4 - 3*r**2. Let z be i(5). What is the greatest common divisor of z and 6?
6
Let j = 735 + -527. What is the highest common factor of j and 1014?
26
Let i be 845 + -841 - (2 - (1 + 8)). What is the highest common divisor of 85 and i?
1
Let h = -2746 - -2854. What is the highest common factor of h and 132?
12
Let g = -2827 + 2851. Let s(q) = -q + 13. Let h be s(7). What is the highest common factor of h and g?
6
Suppose -29 = z - 47. Let s(i) = i**2 - 10*i - 92. Let g be s(z). What is the highest common factor of g and 234?
26
Suppose 5*i + 2*h - 3774 = 0, 5*i - 3746 = -128*h + 130*h. What is the greatest common divisor of i and 656?
16
Let l(b) = 439*b - 2059. Let z be l(11). What is the highest common factor of 20 and z?
10
Let t(v) = -v**3 + 68 - 2*v**2 - 66 + 3*v - 2*v**2. Let u be t(-5). Let r be (3 - 6)*(-20)/u. Calculate the greatest common factor of r and 4.
1
Let f be (-512)/(-6)*(-39 + (-2430)/(-60)). What is the highest common factor of 632 and f?
8
Suppose 8*g + 191 = 9*g. Suppose 0 = 2*x - g + 57. Suppose b + 60 - x = 0. What is the greatest common factor of 28 and b?
7
Let d be 0 + (-8*5)/(-5). Suppose -540 - 76 = d*a. Let p = a - -79. What is the highest common factor of 2 and p?
2
Suppose 7*z = 10*z - 9. Suppose -2*y - 13 + z = 0, 3*y = r - 70. Calculate the highest common factor of 110 and r.
55
Suppose 174 = 10*y + 14. Let i be (8/(-6))/(y/(-60)). Suppose -5*r - 163 = -i*q + 4*q, 3*q - 3*r - 465 = 0. What is the greatest common divisor of 9 and q?
9
Suppose 3*t + 58 = h, -16 - 32 = -h + t. Let i = h - 40. Suppose -5*p + 409 = s, 7*p = 5*s + i*p - 2074. Calculate the highest common divisor of 46 and s.
46
Let f(p) = 55*p - 724. Let u be f(20). Calculate the greatest common factor of 564 and u.
188
Let j = -7429 + 7436. Calculate the highest common divisor of 581 and j.
7
Let x(l) = 21*l. Let d be x(1). Let a(q) = -2*q**3 - 4*q**2 + 9*q + 37. Let i be a(-3). What is the greatest common factor of d and i?
7
Let d = -8504 - -8594. Calculate the highest common factor of d and 774.
18
Let u = 642 + -614. Calculate the greatest common divisor of u and 2884.
28
Suppose 10*k - 12*k - 1656 = -10*k. Calculate the greatest common factor of k and 16353.
207
Let b = 306 + -293. Suppose 3*g = b + 5. Let p = 38 - 14. What is the highest common factor of g and p?
6
Let g be 72/18 + (-7)/(21/132). Let z = 222 + g. What is the highest common factor of z and 14?
14
Let t be ((-3358)/(-69))/(8/108*3). What is the highest common divisor of t and 2263?
73
Suppose m + 5 = 2*m. Suppose -2 = p, -m*q + 3*p = -4*q - 26. Suppose o - q = -2*s, o = 5*s - o - 41. Calculate the highest common factor of s and 9.
9
Suppose 0 = -5*h - 14 + 34. Let p be 4 + -5 + h + -2 + 111. Let s = -283 + 299. Calculate the highest common factor of s and p.
16
Suppose -11*n = -31 - 2. Let p be -3*(80/(-15) + n). Calculate the greatest common divisor of 1 and p.
1
Let b(c) = -c**3 + 45. Let w be b(0). Suppose -4*s = g - 16, 42 = -g + 5*g + 5*s. Suppose -y + 1 = -g. What is the greatest common factor of y and w?
9
Suppose -144*c = -39*c - 196350. What is the greatest common factor of c and 170?
170
Suppose 0 = -2*g + l + 31952, -4*g = 1385*l - 1388*l - 63896. What is the greatest common factor of g and 34?
34
Suppose 0 = 3*j - 248 + 20. Suppose 2*y + 2*x = j, -x = -4*x - 3. What is the greatest common divisor of 13 and y?
13
Let x(g) = 2*g**2 + 46*g + 18. Let f be x(-35). Calculate the highest common divisor of f and 65.
13
Suppose 3*p + l = -3*l + 1292, -3*p + 3*l + 1320 = 0. Let t = p + -431. Calculate the greatest common factor of t and 155.
5
Let y(v) = -4*v - 56. Let m = 81 - 98. Let a be y(m). Suppose -2*t + 5*j - 1 = 0, -4*t - 2*j + 34 = -2*t. What is the greatest common factor of t and a?
12
Let j = 584 - 569. What is the highest common divisor of j and 5685?
15
Let s(u) be the third derivative of -7/24*u**4 + 28*u**2 + 0*u - 55/6*u**3 + 0. Let y be s(-16). What is the greatest common factor of 19 and y?
19
Let g = 2822 + -2532. Calculate the greatest common divisor of 58 and g.
58
Let b be 8/(-6)*(-49)/((-735)/(-360)). Suppose 0 = -0*m + 2*m - 2*w - 60, 5*m + 2*w = 164. Calculate the highest common divisor of b and m.
32
Suppose 4*s + 160 = 8*s. Suppose 5338 = 126*m - 1718. What is the greatest common factor of m and s?
8
Suppose 558568 + 13640 = 28*d. Calculate the highest common factor of d and 52.
52
Suppose 0 = 32*j - 37*j - 10, -2*i - 2*j = -156. Suppose -160 = -5*k - 4*r, -2*r = 2*k - 3 - 61. What is the greatest common factor of i and k?
16
Let n = 15008 + -7623. Calculate the greatest common factor of n and 35.
35
Let z = 39 - -96. Let r = -621 + 651. What is the greatest common factor of z and r?
15
Let u = -38 - -49. Let l(g) = -62*g - 18. Let k be l(u). Let n be 2/13 + k/(-13). What is the highest common factor of 18 and n?
18
Let k(u) = u**3 - 128*u**2 - 1991*u + 66. Let p be k(-14). Suppose -2*h = -h - 4. Calculate the highest common divisor of p and h.
4
Suppose -13*j + 465 = -991. Suppose 126 = i - 42. Calculate the greatest common divisor of i and j.
56
Let z = 84 + -33. Suppose -2*u - p = 3*p + 2, 3*u - 5*p = -58. Let n = z + u. Calculate the highest common factor of n and 10.
10
Suppose 44 = 3*z - 220. Suppose -14*v - 436 = -492. Let n be (-1)/((-4)/(92 - v)). Calculate the greatest common factor of z and n.
22
Let h = -77 - -91. Suppose -3*r + 22 + h = 0. Suppose 0 = w + b - r, w - 2*b = b + 4. Calculate the greatest common divisor of 50 and w.
10
Let y(r) = -954 + 1050 + 3*r + 0*r. Let t be y(0). What is the greatest common divisor of t and 240?
48
Let q = -42 - -314. Let h(c) = 14*c**2 + 179*c - 5. Let p be h(-13). Calculate the highest common factor of p and q.
34
Let i(r) = -2*r - 19. Let x be i(-11). Suppose p + 5 = x. Let w be 9/(126/500) - p/7. Calculate the greatest common divisor of w and 9.
9
Let k be (-432)/(-96) - 7/(-2). What is the greatest common divisor of k and 472?
8
Let g = -28001 + 29511. Calculate the highest common divisor of 170 and g.
10
Let y(h) = 7 + 2 + 0*h**2 + h**2 + 3*h - 3. Let o be y(-2). Let r be 0*o/12 - -4 - 0. Calculate the greatest common factor of 84 and r.
4
Let p be ((-78)/18 - -1)/((-4)/318). Suppose 5*t + p = c, 5*c - 212 = 2*t + 2*t. Let h be t/(-5) - (-26)/65. Calculate the greatest common divisor of h and 77.
11
Suppose -20*n - 4*f + 1132 = -16*n, 0 = 4*n + f - 1135. What is the highest common factor of n and 28?
4
Let g = -253 - -317. Suppose 0 = -h + 3*v + 19, 4*v - 76 = -7*h + 2*h. What is the highest common factor of h and g?
16
Let f(a) = 2*a**3 + 73*a**2 - 42*a - 61. Let r be f(-37). What is the highest common factor of 930 and r?
62
Let y = -503 + 551. Calculate the greatest common factor of y and 13296.
48
Let v(g) = 0*g**2 + 5*g**2 + g**3 + 2*g**2 + 2 + 11 - 2*g. Let i be v(-7). Let j = -25 + i. Calculate the greatest common factor of 2 and j.
2
Let j be 0 + 41*(2 + 2). Let a be 112/140 + 2042/10. Calculate the highest common factor of a and j.
41
Let f(p) = -448*p**2 + 10753*p. Let t be f(24). What is the greatest common factor of t and 7144?
8
Let k be -4 + (-294)/(-77) - (-4)/22. Suppose -5*m - 3 + 63 = k. Suppose 0*h + 2*a - 52 = -2*h, -2*a + 4 = 0. Calculate the greatest common divisor of m and h.
12
Let u = 226 - 105. Let h = u + 229. Calculate the greatest common divisor of h and 14.
14
Let u = 494 - 508. Let y be (-13895)/u + 2/(-4). What is the greatest common divisor of 31 and y?
31
Suppose 616 = -13*i + 24*i. Let g = 111 - i. What is the greatest common factor of g and 495?
55
Let x(d) = -18*d - 411. Let j be x(-37). Calculate the greatest common divisor of j and 935.
85
Suppose 5*h + 27015 = -19*m + 23*m, -2*m - 2*h = -13530. What is the greatest common divisor of 208 and m?
104
Let a = 3021 + -2907. What is the highest common divisor of a and 30?
6
Let v(f) = -f - 27. Suppose 3 = 5*j + c, 2*j + 3*c - 9 = j. Let k be v(j). Let p be (k/(-6))/((-4)/(-24)). What is the greatest common divisor of p and 18?
9
Let a(r) = -24*r + 43. Let d 